888?
16
What is the greatest common factor of 175 and 5725?
25
What is the highest common factor of 354 and 2316694?
118
What is the greatest common factor of 135 and 317385?
135
Calculate the highest common divisor of 67734 and 795.
159
Calculate the highest common divisor of 78 and 1493518.
26
What is the greatest common factor of 16254 and 270?
54
Calculate the greatest common divisor of 312 and 1334112.
312
Calculate the greatest common factor of 4462 and 15663.
23
Calculate the greatest common divisor of 7532 and 84.
28
What is the greatest common divisor of 28786 and 3922?
74
Calculate the greatest common factor of 600 and 695900.
100
What is the highest common divisor of 1 and 3035?
1
Calculate the greatest common factor of 83483 and 62.
31
What is the greatest common factor of 5448 and 69792?
24
What is the highest common factor of 48 and 2270832?
48
What is the highest common divisor of 56623 and 7?
7
What is the highest common factor of 75 and 21435?
15
What is the greatest common factor of 2199898 and 15127?
2161
Calculate the highest common divisor of 103462 and 2685.
179
What is the greatest common divisor of 8418 and 2622?
138
What is the greatest common factor of 3774 and 8194?
34
Calculate the greatest common factor of 28780 and 1260.
20
What is the greatest common factor of 47 and 3417793?
47
What is the highest common divisor of 60 and 29196?
12
What is the highest common factor of 254484 and 54?
18
Calculate the greatest common divisor of 1095 and 1480075.
365
What is the highest common factor of 5270 and 6820?
310
Calculate the highest common divisor of 72534 and 42.
42
Calculate the highest common divisor of 5187 and 25137.
399
What is the highest common factor of 59089 and 7363?
37
Calculate the greatest common divisor of 7125 and 456.
57
Calculate the greatest common factor of 6960 and 390.
30
What is the highest common factor of 6939 and 4883?
257
What is the highest common factor of 85 and 364259?
17
Calculate the greatest common divisor of 464910 and 15.
15
Calculate the greatest common divisor of 420965 and 2950.
295
Calculate the highest common factor of 1587 and 47219.
23
What is the greatest common divisor of 43475 and 75?
25
Calculate the highest common divisor of 1764440 and 120.
40
What is the greatest common divisor of 29498 and 294?
98
Calculate the highest common factor of 325 and 31125.
25
What is the highest common factor of 2112 and 1881?
33
What is the greatest common divisor of 27126 and 9?
9
What is the highest common divisor of 3276 and 8820?
252
What is the highest common divisor of 88572 and 37698?
366
Calculate the highest common divisor of 1719630 and 6.
6
What is the greatest common factor of 391095 and 35?
5
Calculate the highest common factor of 793 and 388082.
61
What is the greatest common factor of 82206 and 144?
18
What is the greatest common factor of 30544 and 16?
16
Calculate the highest common factor of 124 and 8116420.
124
What is the greatest common factor of 522 and 1654218?
522
What is the highest common factor of 7224 and 11088?
168
What is the greatest common divisor of 63 and 393981?
21
Calculate the highest common divisor of 724 and 182086.
362
What is the greatest common divisor of 130 and 209677?
13
Calculate the highest common divisor of 30997 and 2085.
139
Calculate the greatest common divisor of 138 and 257853.
69
What is the highest common divisor of 220966 and 30753?
1139
What is the highest common divisor of 7774 and 6118?
46
What is the highest common factor of 635 and 170?
5
What is the greatest common divisor of 168 and 28875?
21
Calculate the greatest common factor of 251128 and 8.
8
What is the greatest common factor of 1280 and 3392?
64
What is the highest common factor of 4 and 49220?
4
Calculate the highest common factor of 823840 and 200.
40
Calculate the highest common factor of 308386 and 4908.
818
What is the highest common divisor of 817 and 3698?
43
What is the highest common divisor of 31 and 50747?
31
What is the highest common factor of 48 and 9624?
24
What is the greatest common factor of 345 and 228045?
345
What is the greatest common divisor of 46 and 430928?
46
What is the greatest common factor of 414715 and 1785?
595
Calculate the greatest common divisor of 26471 and 6425.
257
Calculate the highest common divisor of 104 and 6752.
8
Calculate the highest common factor of 9816 and 384.
24
Calculate the greatest common divisor of 385 and 76395.
55
Calculate the greatest common divisor of 5841 and 2277.
99
Calculate the highest common factor of 4635 and 103.
103
What is the greatest common factor of 264 and 3333?
33
What is the greatest common divisor of 1584 and 273328?
176
What is the greatest common factor of 146272 and 928?
32
Calculate the highest common divisor of 130424 and 272.
136
What is the highest common divisor of 5225 and 20075?
275
Calculate the highest common factor of 468 and 69516.
36
Calculate the highest common divisor of 2883205 and 52.
13
Calculate the highest common divisor of 359997 and 44.
11
What is the greatest common factor of 18 and 188073?
9
What is the highest common factor of 28 and 100898?
14
What is the greatest common factor of 660 and 29535?
165
Calculate the highest common divisor of 497662 and 176.
22
What is the highest common divisor of 989 and 1909?
23
Calculate the greatest common factor of 6468330 and 17.
17
What is the greatest common divisor of 412 and 30694?
206
Calculate the highest common divisor of 19372 and 3596.
116
Calculate the highest common factor of 11266 and 43473.
43
What is the highest common divisor of 288 and 2208?
96
Calculate the greatest common divisor of 1008 and 12384.
144
Calculate the greatest common divisor of 88660 and 4495.
155
What is the highest common factor of 679680 and 800?
160
What is the highest common divisor of 195 and 20460?
15
Calculate the greatest common factor of 43285 and 385.
55
Calculate the greatest common factor of 302575 and 325.
325
What is the greatest common divisor of 1140 and 6555?
285
What is the highest common factor of 1067 and 26367?
11
What is the greatest common factor of 159543 and 1593?
27
What is the greatest common divisor of 148 and 7918?
74
What is the highest common divisor of 3798 and 1368?
18
What is the greatest common factor of 36 and 10026?
18
What is the highest common factor of 213 and 18957?
213
Calculate the greatest common divisor of 2811935 and 315.
35
Calculate the highest common divisor of 392452 and 2132.
164
What is the highest common factor of 68 and 12391232?
68
What is the greatest common divisor of 166375 and 1100?
275
What is the greatest common factor of 462 and 15750?
42
What is the highest common divisor of 333 and 545602?
37
Calculate the highest common divisor of 38268 and 132.
12
What is the highest common divisor of 256 and 197824?
64
What is the highest common divisor of 201630 and 39468?
858
Calculate the highest common divisor of 161101 and 305.
61
What is the greatest common divisor of 3059 and 8694?
161
Calculate the greatest common divisor of 841 and 58.
29
Calculate the greatest common factor of 190 and 53542.
38
Calculate the highest common factor of 6318 and 1480356.
486
What is the highest common factor of 394 and 629809?
197
Calculate the greatest common divisor of 346107 and 2451.
129
What is the greatest common factor of 5160 and 6360?
120
Calculate the greatest common factor of 1150 and 38870.
230
What is the greatest common factor of 6279486 and 1434?
1434
Calculate the highest common factor of 92 and 2438.
46
Calculate the highest common divisor of 221330 and 10.
10
What is the highest common factor of 598 and 208081?
23
Calculate the greatest common factor of 3417 and 3978.
51
What is the highest common factor of 12 and 7184?
4
Calculate the highest common divisor of 146130 and 60.
30
What is the greatest common factor of 1436 and 608?
4
What is the greatest common factor of 28051 and 11?
1
Calculate the greatest common factor of 13296 and 444.
12
Calculate the greatest common factor of 470 and 3210.
10
Calculate the greatest common factor of 3960 and 15984.
72
What is the greatest common factor of 12450 and 1328?
166
What is the highest common divisor of 656 and 139236?
164
Calculate the greates